he greatest common factor of 776 and 909176.
8
Calculate the greatest common divisor of 1255527 and 207831.
2847
Calculate the greatest common factor of 6550 and 1250395.
655
What is the greatest common divisor of 135 and 536442?
3
What is the greatest common factor of 34085252 and 8?
4
Calculate the highest common factor of 151 and 685393.
1
What is the greatest common factor of 15054 and 10775190?
1158
What is the greatest common divisor of 1990 and 115954315?
995
Calculate the greatest common divisor of 4040 and 26540.
20
Calculate the highest common factor of 435666 and 5698.
154
Calculate the highest common divisor of 4008 and 165912.
24
What is the highest common factor of 472 and 198032?
8
Calculate the greatest common divisor of 16408 and 7139824.
2344
What is the highest common factor of 10378040 and 15?
5
Calculate the highest common divisor of 25948178 and 82646.
2666
Calculate the highest common divisor of 1012529 and 10241.
133
Calculate the highest common factor of 889 and 43208194.
127
What is the greatest common divisor of 17085 and 10620840?
1005
What is the greatest common divisor of 21 and 17390289?
21
Calculate the highest common divisor of 5270 and 18205742.
1054
Calculate the highest common divisor of 536 and 54328357.
67
Calculate the highest common divisor of 6749 and 1411335.
397
What is the greatest common divisor of 491758 and 6650?
38
Calculate the highest common factor of 17904 and 16925616.
48
Calculate the highest common factor of 744 and 7684008.
24
Calculate the greatest common divisor of 5481 and 6333687.
783
Calculate the highest common divisor of 64920 and 100796415.
8115
What is the greatest common divisor of 1068 and 16865055?
267
What is the greatest common factor of 902 and 147545634?
82
What is the greatest common factor of 271599398 and 42?
14
What is the highest common divisor of 100804 and 2027564?
1276
Calculate the greatest common factor of 16 and 221096528.
16
What is the highest common divisor of 4508 and 27588132?
92
Calculate the highest common divisor of 24304 and 313600.
784
Calculate the greatest common divisor of 407922 and 594.
6
What is the greatest common divisor of 1250774 and 17444?
98
What is the greatest common divisor of 25633740 and 36?
12
Calculate the greatest common factor of 22161 and 237007.
89
What is the highest common factor of 1915 and 5956799?
383
What is the greatest common divisor of 18867 and 152?
19
Calculate the highest common divisor of 484 and 253840576.
484
What is the highest common factor of 11 and 1617329087?
11
What is the greatest common divisor of 270 and 1791525?
15
Calculate the highest common factor of 595 and 4394005.
35
Calculate the highest common factor of 8211 and 131529.
51
What is the greatest common factor of 588 and 178436538?
294
What is the highest common divisor of 6871757 and 34?
17
Calculate the highest common divisor of 3611 and 1396201.
157
What is the highest common factor of 24 and 486756780?
12
Calculate the greatest common divisor of 608 and 341952.
32
Calculate the highest common factor of 41472 and 5552.
16
Calculate the highest common divisor of 121173638 and 19416.
1618
What is the greatest common factor of 5397078 and 1341?
447
Calculate the highest common divisor of 82486755 and 405.
405
Calculate the highest common factor of 8823 and 12959236.
17
Calculate the highest common divisor of 782660 and 9380.
20
Calculate the highest common factor of 1284 and 281244.
12
Calculate the highest common divisor of 182 and 683480.
14
Calculate the greatest common divisor of 308 and 207229.
11
Calculate the greatest common divisor of 104940828 and 18.
18
What is the highest common factor of 3283702 and 20257?
47
What is the highest common factor of 320 and 111791880?
40
What is the highest common factor of 37668038 and 682?
62
Calculate the greatest common divisor of 2183690 and 15290.
1390
What is the highest common divisor of 44890 and 19159990?
670
Calculate the highest common divisor of 26756944 and 417.
139
Calculate the highest common divisor of 16131102 and 780.
78
Calculate the highest common divisor of 750270 and 14240.
890
What is the greatest common divisor of 1957 and 90255604?
103
What is the greatest common divisor of 33 and 70477374?
33
What is the highest common factor of 14306901 and 518?
259
Calculate the highest common factor of 464445 and 2115.
45
Calculate the highest common divisor of 14 and 10144141.
7
What is the highest common factor of 3720 and 4050?
30
Calculate the greatest common factor of 73746231 and 156.
39
Calculate the highest common divisor of 40478 and 66267.
37
What is the greatest common divisor of 3675915 and 90885?
1095
What is the highest common factor of 25412400 and 32760?
4680
What is the highest common divisor of 1058 and 882901?
529
What is the greatest common factor of 11 and 35993903?
11
What is the greatest common factor of 18 and 115250445?
9
Calculate the highest common divisor of 3523725 and 9675.
225
Calculate the highest common factor of 118 and 2782853.
59
Calculate the greatest common divisor of 54379676 and 468.
52
Calculate the greatest common factor of 137556 and 1944.
36
Calculate the greatest common divisor of 305 and 90065.
5
Calculate the highest common factor of 117 and 639468.
9
Calculate the greatest common divisor of 5195436 and 456.
228
Calculate the greatest common divisor of 16997 and 7277672.
739
What is the highest common divisor of 6056726992 and 7048?
7048
Calculate the greatest common factor of 1129392 and 1639.
11
Calculate the highest common factor of 2717 and 24670607.
247
What is the greatest common factor of 1420762 and 28?
14
What is the greatest common divisor of 113 and 389786946?
113
What is the highest common divisor of 107832 and 6828?
12
Calculate the highest common factor of 138474 and 3336250.
314
Calculate the greatest common divisor of 10 and 120459755.
5
Calculate the greatest common divisor of 3375 and 2746125.
1125
Calculate the highest common factor of 18550592 and 256.
64
Calculate the highest common divisor of 2265246 and 1738.
158
Calculate the greatest common divisor of 17 and 222468749.
17
What is the greatest common divisor of 9226 and 79814?
14
What is the greatest common divisor of 463908 and 13229456?
2308
What is the greatest common factor of 147 and 22357713?
21
Calculate the highest common divisor of 1855865 and 335995.
2255
What is the greatest common divisor of 3072 and 752064?
192
Calculate the greatest common divisor of 3525 and 1944240.
15
What is the highest common factor of 143705532 and 55722?
1506
What is the greatest common divisor of 56560741 and 3338?
1669
What is the greatest common divisor of 41004451 and 703?
19
What is the greatest common divisor of 275 and 14758850?
25
Calculate the highest common divisor of 4815912 and 123132.
372
Calculate the highest common divisor of 56 and 58227358.
14
Calculate the greatest common divisor of 3652019 and 147.
49
Calculate the greatest common factor of 931031 and 5550.
37
Calculate the greatest common divisor of 16 and 669314.
2
Calculate the highest common divisor of 134 and 3768580892.
134
Calculate the greatest common factor of 1936 and 63829744.
176
What is the greatest common divisor of 513 and 6191343?
27
What is the greatest common divisor of 508 and 9045321?
127
What is the greatest common divisor of 162 and 332754?
6
What is the greatest common divisor of 275223 and 18993?
39
Calculate the greatest common factor of 569792 and 96976.
464
What is the greatest common divisor of 9732760 and 160?
40
What is the highest common divisor of 57248308 and 559?
559
Calculate the greatest common divisor of 5389825 and 6251.
133
What is the highest common divisor of 923437732 and 196?
196
What is the highest common divisor of 192201336 and 576?
72
Calculate the greatest common factor of 51007416 and 12.
12
What is the highest common factor of 276 and 333753?
69
What is the greatest common factor of 55 and 17484760?
5
Calculate the greatest common divisor of 26 and 1042912780.
26
What is the greatest common divisor of 66301310 and 5?
5
Calculate the greatest common factor of 286468689 and 37.
37
What is the greatest common divisor of 83412 and 987147?
63
Calculate the greatest common 